 14 = 5*r + t. Let h = 96992 + -96974. What is the highest common divisor of r and h?
6
Let g(f) = 2*f + 18. Let s be g(-8). Suppose -132 = -4*c - 5*h + h, 5*h - 81 = -s*c. Suppose -v = -c - 8. What is the greatest common factor of 54 and v?
18
Suppose -5*p + 0 = -40. Suppose p + 1 = -2*a + 5*m, 0 = a + 4*m + 37. Let t = 22 + a. What is the highest common factor of 2 and t?
1
Suppose 2*r = -4*j + 3784, -3*r + 22*j = 21*j - 5655. Calculate the greatest common factor of r and 82.
82
Suppose 7*n + 15 - 43 = 0. Let u be 328/18 + ((-24)/27)/n. Let w = 60 + 30. Calculate the highest common factor of u and w.
18
Let h(l) = -2*l + 45. Let m be h(-10). Calculate the highest common factor of 5 and m.
5
Let m = -290 + 332. Calculate the greatest common divisor of m and 420.
42
Let o(k) = -k**3 - 7*k**2 - 9*k + 10. Let m be o(-5). Suppose 3*l - 12 = -s, -m*s + 3 + 17 = 5*l. Calculate the greatest common divisor of l and 4.
4
Let j(m) = m**2 - 7*m - 56. Let w be j(-6). Calculate the greatest common divisor of 275 and w.
11
Let f(u) = 3*u**3 - 2*u**2 + u + 6. Let b be f(7). Calculate the highest common factor of 16 and b.
16
Suppose 10 = 2*j + 3*j. Suppose -3*u - 5*a + 75 = j*u, -61 = -5*u + 2*a. What is the highest common divisor of u and 13?
13
Suppose -v = -4452 + 4320. Suppose 0 = r - 0 - 1. Let k(l) = 33*l**2. Let x be k(r). Calculate the greatest common factor of x and v.
33
Let d be 146/3 + (-64)/96. Calculate the highest common divisor of d and 36.
12
Suppose 41485 = 27*x + 2281. What is the highest common divisor of 33 and x?
33
Let t be (-2 + 1)*1*(-351)/13. What is the highest common factor of t and 180?
9
Suppose -s = 3*z - 2*z - 6, -3*s - 17 = -2*z. Let n = -84 + 119. What is the highest common divisor of n and z?
7
Let x(v) = v**3 - 8*v**2 + 6*v + 56. Let c be x(6). Calculate the highest common factor of 8 and c.
4
Let i be 104 - (-9 - -6 - 3). Calculate the greatest common factor of i and 176.
22
Suppose -3*y - 42 = 2*u - 240, 6 = 3*y. Suppose 0*n - u = -4*n. Let i(f) = f**2 + f - 4. Let d be i(3). What is the greatest common divisor of d and n?
8
Suppose 15 = -5*v, -v = 2*z - 7 - 6. Let b(r) = 755*r + 1526. Let j be b(-2). What is the greatest common divisor of j and z?
8
Let j = 241 + -41. Suppose -3*k + 831 = -2*a, -k + 60 + j = 5*a. What is the highest common divisor of 25 and k?
25
Let y(x) = -10*x**2 - x + 1. Let t be y(1). Let n = 17 + t. What is the highest common divisor of n and 14?
7
Suppose -5*u + 100 = -5*r, 0 = 2*u + 24*r - 22*r - 20. What is the greatest common factor of 555 and u?
15
Let s = -10 - -14. Let z(l) = 12*l**2 - 4*l + 4. Let m be z(2). What is the greatest common factor of m and s?
4
Let x = -866 + 1106. Calculate the highest common divisor of x and 840.
120
Suppose -6*t - 7*t = 234. Let n be 2*t*((-21)/(-12) - 3). Calculate the greatest common factor of 9 and n.
9
Let j(w) = 5*w**3 - 2*w**2 + w - 2. Let l be j(2). Suppose 0 = -5*g - g + 24. Calculate the greatest common divisor of g and l.
4
Let w be 51*((112/3)/(-8) - -7). What is the highest common divisor of w and 7?
7
Suppose -2*r + 2*o + 84 = 0, -4*r + 168 = 3*o - 4*o. Calculate the highest common factor of r and 672.
42
Suppose -g + 3*g = -2*j + 10, -3 = -3*j + 3*g. Suppose 0 = -2*c - 4*z + 34, -3*c + j*z - 5 = -11. Calculate the greatest common factor of 14 and c.
7
Let h(l) = l**3 + 8*l**2 - l + 3. Let w be h(-8). Let g = w - -29. What is the greatest common factor of 5 and g?
5
Let i(p) = p**2 - 8*p - 7. Let c(z) = -z + 3. Let y be c(-7). Let u be i(y). Calculate the highest common divisor of u and 52.
13
Suppose 252 = 11*y - 1442. Let u = -41 - -55. What is the greatest common divisor of u and y?
14
Let n(j) = j**2 - 6*j + 10. Let k be n(5). Suppose 0 = -3*s + 17 - 2. Calculate the highest common divisor of k and s.
5
Let h = -17 + 23. Let q(m) = m + 10. Let s be q(-8). Calculate the greatest common divisor of h and s.
2
Let v = -7 - -23. Suppose 12 = -4*r - 2*o - 70, 2*r - 3*o = -61. Let w = r + 25. Calculate the greatest common factor of w and v.
2
Let z = 260 + -978. Let x be (-1)/(-2) + z/(-4). Suppose 5*a - 38 = 62. Calculate the greatest common factor of x and a.
20
Suppose -r + 5*r = 5*m + 19, -5*r + 70 = 3*m. Calculate the greatest common factor of r and 187.
11
Let m be 5/15 + 56/12. Suppose -10 = -2*a, 0*q - 15 = -m*q + 5*a. Calculate the greatest common divisor of 16 and q.
8
Let w(g) = -4*g**2 - 202*g + 36. Let n be w(-50). Calculate the greatest common factor of 238 and n.
34
Let l = -240 - -474. Calculate the highest common factor of l and 312.
78
Suppose 351*h = 349*h + 180. What is the greatest common divisor of h and 80?
10
Let r = 219 - 102. Let j = r + -89. What is the highest common divisor of j and 28?
28
Let l(r) = r**3 - 5*r**2 + 14*r + 14. Let b be l(7). Calculate the highest common factor of b and 42.
42
Let v(w) = -9*w - 156. Let x be v(-28). Calculate the greatest common divisor of x and 180.
12
Let i(k) = -2*k**2 + k + 1. Let u be i(1). Suppose 8*b + 3*b - 462 = u. Calculate the highest common divisor of 28 and b.
14
Let w = 293 - 188. Suppose v - 60 = 18. Suppose c + 4*h - h = 30, -4*c = -2*h - v. Calculate the greatest common divisor of c and w.
21
Let t(y) = y**3 + 20*y**2 + 35*y + 66. Let r be t(-18). Calculate the greatest common factor of r and 21.
21
Let d(y) = 3*y**2 + 4*y + 12. Let w be d(-4). What is the greatest common divisor of 143 and w?
11
Let j = -535 + 567. Calculate the highest common factor of j and 72.
8
Let f be (4 - 2 - 6)/((-1)/3). Let q(l) = 2*l + 1. Let w be q(1). What is the highest common divisor of w and f?
3
Suppose 2*x - 6468 = -5*g - x, -5*g + 3*x + 6492 = 0. Suppose -5*y + y + g = 0. Let k be 10/6*y/3. What is the highest common factor of k and 20?
20
Let i(t) = -5*t - 34. Let l be i(-8). Suppose 2*f = 2*z - 8, -3*z + 10 = -7*f + 3*f. What is the greatest common factor of l and z?
6
Let b(x) = -2*x + 54. Let j be b(0). Suppose 2*m - 5*o - 141 = 129, -o = 0. What is the greatest common divisor of j and m?
27
Let w = 2722 - 2502. Calculate the highest common divisor of w and 90.
10
Suppose 35 + 25 = 4*n. Let u = 602 + -572. Calculate the highest common divisor of u and n.
15
Let b = -80 + 249. What is the highest common factor of b and 26?
13
Let u = 30 + -9. Suppose 2*n + 3*x - u = 0, n - 21 = -5*x - 0*x. Suppose -5 = -5*b, -6*b + 163 = 3*m - 5*b. Calculate the greatest common factor of n and m.
6
Let k(u) = u - 5. Suppose -4*q + 6*q = 14. Let m be k(q). What is the highest common factor of 22 and m?
2
Let i = 260 - -476. What is the greatest common factor of 23 and i?
23
Suppose -2*i + 3*i - 11 = 0. Suppose 5*a - 26 + i = 0. Suppose 4*g - a*o = 63, -g = -4*o + o - 9. Calculate the highest common factor of g and 6.
6
Suppose -4*m = 5*z - 129 - 30, 4*m - 153 = -3*z. Suppose 0 = 37*o - m*o - 35. Calculate the highest common factor of o and 35.
35
Let r = -23 - -61. Let x = -83 + 155. Suppose -3*u = a - u - 67, 0 = a + 3*u - x. Calculate the greatest common divisor of r and a.
19
Suppose -2*q + 8 = 0, -49*q = 5*o - 54*q - 530. Let x(v) = -v + 4. Let u be x(3). Let l = 11 - u. Calculate the highest common factor of o and l.
10
Suppose -z + 15 = t, -t + 9 + 21 = 4*z. What is the highest common divisor of 430 and t?
10
Suppose 7*k - 2*k + 185 = 0. Let w = -35 - k. Suppose 0 = t + w - 14. What is the greatest common divisor of 30 and t?
6
Let u(o) = o**3 + 8*o**2 + 5*o - 3. Let f be (-4)/3*(-2 + (-26)/(-4)). Let l be u(f). Calculate the greatest common divisor of l and 13.
13
Let n(y) = 3*y + y**2 - 15*y + 3*y**2 - 2 - 3*y**2. Let o be n(13). Calculate the greatest common divisor of 11 and o.
11
Suppose 2*x - 26 = -0*x. Let m = 218 + -129. Let l = m - 50. What is the highest common factor of l and x?
13
Let i be (-33)/(1 - 2/1). Let w = -214 + 269. Calculate the greatest common factor of w and i.
11
Let b = 161 - 141. Calculate the highest common divisor of b and 5.
5
Let s(l) = -l**3 - 5*l**2 + 14*l + 10. Let z be s(-7). Let b = 61 - 51. What is the greatest common divisor of b and z?
10
Let m(r) = -r**3 + 7*r**2 - 3*r - 9. Let w be m(5). Let a be 74/w + 4/26. Calculate the greatest common divisor of 15 and a.
3
Let c be (-162)/(-36) - (-2)/(-4). Suppose 2*u - t = -2*u + 124, -c*u + 140 = -5*t. Cal